4*w - p, 0 = -l*w + p + 4 - 35. Let o = w - -33. Calculate the remainder when 65 is divided by o.
21
Suppose -2*g = -45 + 7. Let y = 66 - 54. Suppose 2*q - y = -4*l, l + 4*l + 5*q = 5. What is the remainder when g is divided by l?
4
Suppose -n + 10 = 16. Let y(j) = j**2 - 2*j + 10. What is the remainder when y(n) is divided by 10?
8
Suppose -21*r = -20*r - 3*m - 90, 3*r + m = 230. What is the remainder when 934 is divided by r?
76
Let d(k) = -57*k**3 + k. Let y be d(-1). Let z(i) = -3*i + 4. Calculate the remainder when (-23)/7*-11 - 8/y is divided by z(-3).
10
Let y(b) = 16*b + 2. Suppose 0 = -2*i - 8 - 0, 4*r + 2*i - 44 = 0. What is the remainder when y(2) is divided by r?
8
Suppose 5*s - 5 = -0. Suppose -19 = -4*c + s. What is the remainder when 15 is divided by c?
0
Let p(r) = r**3 + 19*r**2 - 22*r - 9. What is the remainder when p(-20) is divided by 4?
3
Suppose 5*v - 506 = -66. Let x = v + -39. What is the remainder when x is divided by 17?
15
Let x = -584 + 595. Calculate the remainder when 81 is divided by x.
4
Let u = -15 - -25. Suppose u*c - 5*c - 30 = 0. Suppose -3*z + 3*n + 36 = 0, -n = 2*z + 8 - 44. Calculate the remainder when z is divided by c.
4
Let v = -279 - -382. What is the remainder when v is divided by -36*((-8)/4 - -1)?
31
Let j = 25 - 21. Let t(h) = -h**2 + 4*h. Let d be t(j). Suppose -5*c - 146 = -3*r - r, r + 4*c - 47 = d. Calculate the remainder when r is divided by 21.
18
Let r be (-452)/20 - (-2 + 36/15). Let q(a) = -a - 8. What is the remainder when 28 is divided by q(r)?
13
Let l = 162 - 106. Calculate the remainder when l is divided by 14.
0
Suppose 181 - 71 = 5*q. What is the remainder when 37 is divided by q?
15
Let d(w) = w**3 - 4 + 16*w**2 + 8 + 4 + 13*w. Calculate the remainder when d(-15) is divided by 7.
3
Let g(f) = 49*f**2 - 21*f + 34. Suppose c = 3*c - 34. Calculate the remainder when g(1) is divided by c.
11
Let i = -747 - -936. What is the remainder when i is divided by 38?
37
Let f(s) = -10*s - 3. What is the remainder when (12 - 0) + (-3219)/(-87) is divided by f(-2)?
15
Suppose 3*k = -4*b - 8, b - 3 = -2*k - 0*b. Suppose k*n - 18*n = -238. Calculate the remainder when 73 is divided by n.
5
Suppose 5*y - 87 + 22 = 0. What is the remainder when (-47)/(-2*1/2) is divided by y?
8
Calculate the remainder when 184 is divided by 3/(-7) + (-6509)/(-161).
24
Suppose 0 = -2*o - 2*h + 2070, 6 + 2 = 2*h. What is the remainder when o is divided by 12?
11
Let z = 971 - 962. Calculate the remainder when 43 is divided by z.
7
Let d(t) = -t**3 - 14*t**2 + 15*t + 4. What is the remainder when (-4)/(-6)*12 - 1 is divided by d(-15)?
3
Suppose 3*k + 1 = -14. Let a = k - -56. What is the remainder when a is divided by 19?
13
Let x(b) = 16*b**2 - 2*b + 1. Suppose 4*p - 34 - 38 = 0. Let y = 19 - p. Calculate the remainder when 44 is divided by x(y).
14
Let c(i) = 4*i**2 - 2*i - 3. Suppose -2*b + 30 = -2*q, 848*b = 847*b - q + 7. Calculate the remainder when c(-2) is divided by b.
6
Let y(b) = -b**3 - 100*b**2 - 210*b - 1237. Calculate the remainder when y(-98) is divided by (-4)/(-10) + 76/10.
7
Let s(n) = 5 + 9 + 2*n + 2*n + n**2. Calculate the remainder when 113 is divided by s(-5).
18
Let m(q) = -2*q**3 - 6*q**2 - q. What is the remainder when 121 is divided by m(-4)?
13
Suppose 6*l + 68 = 230. Calculate the remainder when 8/(-44) + (-15041)/(-143) is divided by l.
24
Let o(s) = -5*s - 5. Let m be o(-5). Let z = 11 - -9. Suppose 21*d - m*d = z. What is the remainder when 98 is divided by d?
18
Let d = 186 - 89. Calculate the remainder when d is divided by 25.
22
Let m = -9 + 13. What is the remainder when m is divided by (1 - 1 - 55/11) + 6?
0
Suppose 3645 = 24*b + 3*b. Calculate the remainder when b is divided by 85.
50
Let y be (-8)/32 - 123/(-12). Let r(x) = x**3 - 10*x**2 + x + 6. Calculate the remainder when r(y) is divided by 6.
4
Let n = -4 + 7. Suppose -4*a + y = -72, -3*y - 37 = -n*a + 17. Calculate the remainder when a is divided by 10.
8
Suppose 0 = -15*z - 25*z + 5560. What is the remainder when z is divided by 64?
11
Let h = -1263 - -30. What is the remainder when h/(-135) - (-2)/(-15) is divided by 6?
3
Suppose 807 - 114 = 11*p. Calculate the remainder when p is divided by (102/12)/(1/2).
12
Let n(p) = -2*p**2 - 30*p + 44. Calculate the remainder when 59 is divided by n(-16).
11
Let o(h) = h**3 + 13*h**2 - 16*h - 35. Let y be o(-14). Let d = -3 - y. What is the remainder when 49 is divided by d?
1
Let c = 1721 + -1568. What is the remainder when c is divided by 40?
33
Let b(v) = v**3 - 11*v**2 + 13*v + 4. Let s = -37 - -30. Let p = 3 - s. Calculate the remainder when b(p) is divided by 12.
10
Suppose -17*u - 97 = -505. Calculate the remainder when 547 is divided by u.
19
Suppose 35 = 2*y - 39. Let c = -5 + 10. Calculate the remainder when y is divided by c.
2
Suppose -4*o - 2*a = 66, -4*a + 84 = -5*o - 7*a. Let z = 35 + o. Let y = z - 8. What is the remainder when 32 is divided by y?
8
Let p(b) = 55 - b + 2*b - b - 2*b. Calculate the remainder when p(0) is divided by 14.
13
Suppose 3*f - 43 = 56. Let w = 26 + f. Calculate the remainder when w is divided by 3/(0 + 6)*62.
28
Let y(m) = -m**3 + 2*m**2 + 2*m + 12. What is the remainder when y(-5) is divided by (-50)/4*(-12)/5?
27
Suppose -b - 48 = -7*b. Suppose -100 = -13*x + b*x. Let v = x + -1. Calculate the remainder when v is divided by 5.
4
Let m be 4/12 - 2/6. Suppose m = 18*j - 16*j - 12. Calculate the remainder when 23 is divided by j.
5
Suppose 0 = 20*n + 96 - 316. What is the remainder when n is divided by 6?
5
Suppose 0 = c - 0*c - 49. Calculate the remainder when c is divided by 11.
5
Let a(h) = -h**3 + 5*h**2 + 8*h - 5. Let z be a(6). Suppose -z*q + 16 = -33. Calculate the remainder when 27 is divided by q.
6
Let d be (-3)/18 - 230/(-12). Let a = 19 - d. Suppose 0 = -5*r + 3*o + 525, a = -r + 4*r + 3*o - 291. Calculate the remainder when r is divided by 26.
24
Suppose 3*h - z - 22 = 0, 5*h - 46*z - 14 = -50*z. Calculate the remainder when 43 is divided by h.
1
Let y = -5 - -7. Suppose y*c + 2*i = -i - 6, 3*i = -4*c - 6. Calculate the remainder when 8/(1 + c)*10 is divided by 27.
26
Suppose 0 = -g + 3, 19 = -4*v + 3*g + 106. Calculate the remainder when 477 is divided by v.
21
Suppose 12*d - 4*d = 136. What is the remainder when 97 is divided by d?
12
Suppose 1522*b + 1677 = 1525*b. What is the remainder when b is divided by 112?
111
Let g = 441 - 321. What is the remainder when g is divided by 25?
20
Let l = 3168 + -1378. What is the remainder when l is divided by 32?
30
Suppose 3*h + 2 = 5*h + 4*u, h + 4*u = -7. Suppose -h*v + 19*v = 380. Calculate the remainder when v is divided by (-26)/(-4)*2 - -1.
10
Suppose 49 = -3*g + 10*g. Suppose 10*u = 5*u + 15. Suppose g*z - 140 = u*z. Calculate the remainder when z is divided by 9.
8
Suppose -63*a + 3562 = -37*a. What is the remainder when a is divided by 35?
32
Suppose -a + 19 + 11 = -4*w, 5*w + 32 = a. Calculate the remainder when 106 is divided by a.
18
Suppose 5*a = 4*t + 145, -61 + 20 = -2*a + 5*t. Calculate the remainder when 144 is divided by a.
12
Suppose c + 85 + 4 = 4*h, -121 = -5*h - 2*c. Calculate the remainder when (-6)/21 + (-478)/(-7) is divided by h.
22
Let k be (-17 - (-9)/(-3)) + 8/2. Let w(y) = -y**3 - 15*y**2 + 10*y - 1. What is the remainder when w(k) is divided by 0 + -1 + (1 - -24)?
23
Let o be (3/18 - (-2)/(-12)) + 3. Suppose 0 = o*b + 2*a - 32, 0*b = -4*b + 5*a + 58. What is the remainder when 29 is divided by b?
5
Let z be (-329)/28 - 2/8. Let j = z - -15. Let y = 12 + j. Calculate the remainder when 29 is divided by y.
14
Let f = 84 + 51. Calculate the remainder when 202 is divided by (f/6 - -3)*(-8)/(-6).
32
Let o = 25 + 10. Suppose -111 = -4*i + 3*g, -5*i + 69 = -2*g - 61. Let d = i + o. Calculate the remainder when d is divided by 20.
19
Suppose 109 = y + 33. What is the remainder when y is divided by 29?
18
Suppose k + 171 = 2*o, -3*o + 5*k - 30 + 276 = 0. Calculate the remainder when (o - -1)/(1 - (-4 + 3)) is divided by 23.
21
Let f be 6/(-4)*(8 - 18). Let c = 11 + -6. Suppose -c*u - f = -90. What is the remainder when u is divided by 4?
3
Suppose 5*u - 62 = -o, 232 = 4*o - 5*u + 34. Calculate the remainder when o is divided by 9.
7
Let b = 39 + -14. Let s = -25 